by 38.
15
Calculate the remainder when 152 is divided by 22.
20
What is the remainder when 219 is divided by 26?
11
What is the remainder when 79 is divided by 18?
7
Calculate the remainder when 282 is divided by 56.
2
Calculate the remainder when 211 is divided by 101.
9
Calculate the remainder when 135 is divided by 14.
9
What is the remainder when 6715 is divided by 14?
9
Calculate the remainder when 2804 is divided by 88.
76
What is the remainder when 292 is divided by 49?
47
What is the remainder when 272 is divided by 69?
65
Calculate the remainder when 16685 is divided by 18.
17
Calculate the remainder when 291 is divided by 33.
27
Calculate the remainder when 1091 is divided by 14.
13
Calculate the remainder when 88 is divided by 16.
8
Calculate the remainder when 286 is divided by 18.
16
What is the remainder when 143 is divided by 37?
32
What is the remainder when 50 is divided by 3?
2
Calculate the remainder when 20 is divided by 14.
6
What is the remainder when 325 is divided by 22?
17
What is the remainder when 141 is divided by 93?
48
What is the remainder when 77 is divided by 40?
37
What is the remainder when 404 is divided by 368?
36
What is the remainder when 75 is divided by 32?
11
What is the remainder when 2879 is divided by 22?
19
What is the remainder when 131 is divided by 47?
37
What is the remainder when 167 is divided by 10?
7
Calculate the remainder when 226 is divided by 79.
68
What is the remainder when 18896 is divided by 14?
10
Calculate the remainder when 200 is divided by 51.
47
Calculate the remainder when 698 is divided by 35.
33
Calculate the remainder when 95 is divided by 17.
10
Calculate the remainder when 3405 is divided by 34.
5
What is the remainder when 11758 is divided by 10?
8
What is the remainder when 112 is divided by 20?
12
Calculate the remainder when 102 is divided by 96.
6
What is the remainder when 272 is divided by 49?
27
Calculate the remainder when 1708 is divided by 46.
6
What is the remainder when 119590 is divided by 132?
130
What is the remainder when 9152 is divided by 81?
80
What is the remainder when 2178 is divided by 30?
18
What is the remainder when 1126 is divided by 7?
6
What is the remainder when 426 is divided by 71?
0
What is the remainder when 352 is divided by 91?
79
What is the remainder when 1235 is divided by 124?
119
Calculate the remainder when 105 is divided by 14.
7
What is the remainder when 17607 is divided by 17?
12
Calculate the remainder when 45 is divided by 2.
1
What is the remainder when 142 is divided by 50?
42
What is the remainder when 222 is divided by 67?
21
What is the remainder when 1051 is divided by 350?
1
Calculate the remainder when 2393 is divided by 33.
17
Calculate the remainder when 104 is divided by 15.
14
Calculate the remainder when 880 is divided by 490.
390
What is the remainder when 1224 is divided by 104?
80
What is the remainder when 1636 is divided by 545?
1
Calculate the remainder when 1625 is divided by 1613.
12
What is the remainder when 57 is divided by 8?
1
What is the remainder when 29 is divided by 11?
7
Calculate the remainder when 206 is divided by 158.
48
What is the remainder when 126 is divided by 53?
20
What is the remainder when 18557 is divided by 28?
21
Calculate the remainder when 31777 is divided by 10.
7
What is the remainder when 53 is divided by 37?
16
Calculate the remainder when 1450 is divided by 160.
10
Calculate the remainder when 560 is divided by 73.
49
Calculate the remainder when 1880 is divided by 19.
18
Calculate the remainder when 4782 is divided by 149.
14
Calculate the remainder when 157 is divided by 44.
25
Calculate the remainder when 314 is divided by 167.
147
What is the remainder when 682 is divided by 61?
11
What is the remainder when 833 is divided by 31?
27
What is the remainder when 200 is divided by 51?
47
Calculate the remainder when 397 is divided by 25.
22
What is the remainder when 2566 is divided by 12?
10
Calculate the remainder when 1743 is divided by 109.
108
What is the remainder when 53 is divided by 23?
7
Calculate the remainder when 80 is divided by 41.
39
Calculate the remainder when 385 is divided by 159.
67
What is the remainder when 722 is divided by 117?
20
What is the remainder when 12473 is divided by 198?
197
Calculate the remainder when 241 is divided by 40.
1
Calculate the remainder when 911 is divided by 190.
151
What is the remainder when 1812 is divided by 30?
12
What is the remainder when 52 is divided by 12?
4
What is the remainder when 54647 is divided by 259?
257
What is the remainder when 394 is divided by 90?
34
Calculate the remainder when 155 is divided by 29.
10
Calculate the remainder when 147 is divided by 51.
45
What is the remainder when 810 is divided by 268?
6
Calculate the remainder when 289 is divided by 21.
16
Calculate the remainder when 8038 is divided by 17.
14
Calculate the remainder when 186 is divided by 73.
40
Calculate the remainder when 965 is divided by 59.
21
Calculate the remainder when 250 is divided by 36.
34
What is the remainder when 1166 is divided by 55?
11
Calculate the remainder when 950 is divided by 87.
80
What is the remainder when 1258 is divided by 410?
28
Calculate the remainder when 573 is divided by 28.
13
Calculate the remainder when 190 is divided by 41.
26
What is the remainder when 962 is divided by 31?
1
What is the remainder when 16 is divided by 13?
3
What is the remainder when 132 is divided by 30?
12
What is the remainder when 5978 is divided by 23?
21
What is the remainder when 433 is divided by 15?
13
Calculate the remainder when 1643 is divided by 36.
23
What is the remainder when 718 is divided by 244?
230
Calculate the remainder when 455 is divided by 131.
62
Calculate the remainder when 565 is divided by 144.
133
What is the remainder when 319 is divided by 108?
103
What is the remainder when 1612 is divided by 8?
4
Calculate the remainder when 464 is divided by 93.
92
Calculate the remainder when 209 is divided by 53.
50
Calculate the remainder when 145 is divided by 34.
9
Calculate the remainder when 667 is divided by 49.
30
Calculate the remainder when 47 is divided by 24.
23
Calculate the remainder when 198 is divided by 100.
98
What is the remainder when 43 is divided by 23?
20
Calculate the remainder when 53 is divided by 9.
8
Calculate the remainder when 617 is divided by 24.
17
What is the remainder when 68 is divided by 11?
2
What is the remainder when 8853 is divided by 161?
159
What is the remainder when 124 is divided by 37?
13
What is the remainder when 421 is divided by 17?
13
What is the remainder when 139 is divided by 47?
45
Calculate the remainder when 49 is divided by 25.
24
Calculate the remainder when 696 is divided by 3.
0
What is the remainder when 2099 is divided by 12?
11
What is the remainder when 659 is divided by 12?
11
Calculate the remainder when 65 is divided by 12.
5
Calculate the remainder when 5230 is divided by 12.
10
Calculate the remainder when 166 is divided by 44.
34
Calculate the remainder when 1301 is divided by 42.
41
What is the remainder when 248 is divided by 28?
24
Calculate the remainder when 453 is divided by 13.
11
Calculate the remainder when 6942 is divided by 62.
60
What is the remainder when 15 is divided by 5?
0
Calculate the remainder when 48 is divided by 42.
6
Calculate the remainder when 451 is divided by 35.
31
Calculate the remainder when 228 is divided by 8.
4
Calculate the remainder when 174 is divided by 90.
84
What is the remainder when 480 is divided by 13?
12
Calculate the remainder when 64 is divided by 21.
1
Calculate the remainder when 29636 is divided by 111.
110
Calculate the remainder when 1595 is divided by 63.
20
What is the remainder when 167 is divided by 160?
7
Calculate the remainder when 943 is divided by 17.
8
What is the remainder when 567 is divided by 65?
47
Calculate the remainder when 167 is divided by 19.
15
Calculate the remainder when 745 is divided by 68.
65
Calculate the remainder when 87 is divided by 5.
2
What is the remainder when 989 is divided by 16?
13
Calculate the remainder when 541 is divided by 136.
133
What is the remainder when 3235 is divided by 357?
22
Calculate the remainder when 3340 is divided 